 + i*s = 388. Is s a composite number?
False
Is ((-2)/4)/((-5)/4430) composite?
False
Let f be 4 - (1 + 3) - -3. Suppose f*p - 973 = -214. Is p a composite number?
True
Let t(n) = -n + 22. Let h = 4 - -5. Suppose 3*q - 27 - h = 0. Is t(q) prime?
False
Suppose w - 3*r = -6*r + 352, 2*w = -2*r + 700. Let d = w - 230. Is d a prime number?
False
Let w be (3 - 1) + (-44)/(-2). Suppose 11 = x - w. Is x composite?
True
Let a = -2 + 4. Let u(f) = f - a*f - 49*f**3 - f**2 + 0*f. Is u(-1) composite?
True
Suppose -2 - 3 = -w. Suppose -w*y = -90 - 95. Is y a composite number?
False
Is 6*(20/8 - -1) a composite number?
True
Suppose 0 = 15*w - 11*w - 812. Is w composite?
True
Suppose 0*a = v - a - 26, 0 = 3*v + 3*a - 90. Suppose -2*b + v = 8. Is b composite?
True
Suppose 3*m = 5*q + 14, -2*q - 8 = 2*m - q. Let h be ((-8)/(-10))/(m/(-90)). Let a = -23 + h. Is a composite?
False
Let b(s) = -2*s + 10. Let m(u) = -u - 1. Let x(n) = b(n) - 3*m(n). Is x(0) a composite number?
False
Suppose 3*s + 2*h = 13, 3*h = -2*s + 8 + 9. Let p(w) = 371*w**2 - w + 1. Is p(s) prime?
False
Let q(v) = 5*v**3 - 17*v**2 - 3*v + 1. Let t(x) = -x**3 + x. Let s(p) = -q(p) - 6*t(p). Is s(-14) prime?
False
Suppose -1253 = -4*o + f - 4*f, 3*o = -5*f + 926. Is o composite?
False
Let v(k) = 53*k + 22. Let c(u) = -26*u - 11. Let s(m) = 7*c(m) + 4*v(m). Is s(5) prime?
False
Let d(c) = 6*c**2 + 21*c + 7. Is d(-14) a prime number?
False
Let z be ((-39)/9 + 3)*3. Let o(c) = -23*c + 3. Is o(z) a composite number?
True
Let g(z) = -z**2 - 10*z - 5. Let i be g(-9). Suppose -4*x + 2*t = i*t - 802, 0 = -x - 2*t + 193. Is x a prime number?
False
Let j = -396 - -769. Is j composite?
False
Suppose 3*f = -8 - 10. Let i = 8 + f. Suppose j + i*g = 6 - 3, -2*g - 25 = -3*j. Is j a composite number?
False
Suppose -4*i - g = -98765, 3*g + 79304 = 2*i + 29925. Is i a prime number?
True
Let q(s) = -635*s - 6. Is q(-1) composite?
True
Let f be ((-56)/(-6) - -2)*-3. Let w = 72 + f. Suppose 0 = -4*a - 2*y + w, -a = -2*a - 4*y + 27. Is a a composite number?
False
Let l = 2609 - 1398. Is l composite?
True
Suppose -11*n + 19047 = 10*n. Is n a composite number?
False
Suppose 5*l - l - 376 = 4*u, -5*l = 5*u + 510. Let y = -40 - u. Is y a composite number?
True
Let p(w) = -w**3 + 3*w**2 + 3*w + 3. Let j be p(4). Let c be -2 + 2 + (-1 - j). Suppose c = -10*r + 5*r + 20. Is r a composite number?
True
Let g(w) = -w**3 + w**2 - 2*w + 1. Let p be g(2). Let j = p + 9. Is 2*(-59)/j*-1 a prime number?
True
Let d(b) = 3*b + 5. Let s be d(-8). Is -1*2/2*s composite?
False
Suppose -3*v - 2*v - 4*c = 826, 0 = -2*c - 8. Let k = v - -305. Is k prime?
False
Let z be (1536 - -2)*(-2)/(-4). Suppose z = 5*y - 146. Is y composite?
True
Let j(m) = -160*m - 46. Is j(-6) a prime number?
False
Let i(v) = v - 7. Let o be i(0). Let s = o + 4. Let j(y) = 18*y**2 + y + 4. Is j(s) a prime number?
True
Let w be 114/24 - 1/(-4). Let d = 8 - w. Is (-74)/(-4)*(d - 1) a composite number?
False
Let i(o) be the second derivative of 3/2*o**3 + 0 - 7/2*o**2 - 2*o. Is i(6) composite?
False
Suppose 0 = v - 55 - 7. Is v composite?
True
Let o(h) = -3*h**2 + 13*h**2 + h + 0*h. Let g be (1 - -2 - 1) + 1. Is o(g) a composite number?
True
Let h(l) = -l + 4. Let z be h(4). Is z + 119 + 3 + -3 a composite number?
True
Let l be 547 + 2*(-3)/(-6). Let o = l - 153. Is o composite?
True
Let t = 466 - 163. Is t composite?
True
Suppose 3*h + 4 = -5*z, 9 = -3*z + 4*h - 5. Is 1214/6 + z/(-3) prime?
False
Suppose -2*d + 5*p + 2 = -3, -2*d + p = -9. Suppose d*z - z = 1724. Is z composite?
False
Let h be 2/(-4) - (-9)/2. Suppose d + h*d = 15. Is (1 - -12)*d - 2 a composite number?
False
Let k(o) = -o**3 - 4*o**2 - 3*o. Let i be k(-3). Suppose -c + 1 - 3 = i, -2*p - c = -192. Is p a prime number?
True
Is ((-70)/15)/(80/42 - 2) a composite number?
True
Let s(r) = -2*r**3 - 2*r**2 - 3*r - 2. Is s(-3) prime?
True
Let b = -1 + 4. Suppose 0 = b*p - 5*w - 792, w - 6*w = 2*p - 503. Is p composite?
True
Suppose 3*z = 217 + 1010. Is z prime?
True
Let k = -1157 - -2308. Is k a prime number?
True
Suppose -57 = -3*g + 108. Is g a composite number?
True
Suppose 394 = r - 319. Is r a prime number?
False
Let l(u) = -2*u + 3. Let a be l(0). Suppose a*n + n - 36 = 0. Is n composite?
True
Suppose -2*o = -4*o + 30. Suppose 2*y - 31 = o. Is y prime?
True
Suppose 3*h + 3*x + 15107 - 4793 = 0, -4*x = -5*h - 17226. Is (-4)/18 + h/(-18) composite?
False
Let q(s) = 38*s - 5. Let d(a) = -a - 1. Let o(i) = -2*d(i) - q(i). Is o(-8) composite?
True
Let f = 829 - -2664. Is f composite?
True
Suppose 2*w = w + 14. Suppose -5*v + 4*z = -35, 4*v + 4*z = 2*v - 14. Suppose -4*b + w = -v*b. Is b a prime number?
False
Let j(i) = -i**3 - 2*i**2 + 3*i. Let k be j(-3). Suppose k*c = 2*c - 18. Is c a composite number?
True
Is 3 - 363/(-3) - -3 a composite number?
False
Suppose 2*k + 70 = 5*z, 0 = -3*z - 2*k + 34 - 8. Suppose 2*r + 5*x - z = 0, 4*r + 4*x = x - 4. Let y = r + 8. Is y a composite number?
True
Suppose -5*q + 108 = 4*r - 665, -207 = -r - 4*q. Is r prime?
False
Suppose -g - 3 = 0, -w + 220 = -3*g + 4*g. Is w a composite number?
False
Let z be 23/4 + 3/(-4). Suppose 5*o = -3*u + 987, 6*u = u + z*o + 1645. Is u a composite number?
True
Let b = -456 - 282. Let y = -391 - b. Is y a prime number?
True
Let m = 102 + -51. Let o = 2 + m. Is o composite?
False
Let w(v) = v**2 - 6. Let s be w(7). Suppose s = -h + 152. Is h composite?
False
Suppose 98 = 6*m - 556. Is m composite?
False
Let u be 2*(3 + (-11)/2). Is 252/2 + (u - -6) prime?
True
Let m(n) = -9*n**3 - 29*n**2 - 23*n + 17. Let p(a) = -5*a**3 - 14*a**2 - 12*a + 9. Let o(d) = -4*m(d) + 7*p(d). Is o(-16) prime?
True
Let s(h) = 85*h - 5. Is s(4) prime?
False
Let y(o) = -27*o - 1. Let d be y(-2). Is d/((0 + -2)/(-2)) composite?
False
Let m(i) = -3*i**2 - 5*i + 8. Let x(a) = -2*a**2 - 6*a + 8. Let w(d) = 3*m(d) - 4*x(d). Let g be w(7). Suppose -g*h - 31 = -7*h. Is h a prime number?
True
Suppose 10 = 4*i - 3*i + 2*p, 3*i - 38 = -4*p. Suppose 0 = 2*g + g - i. Is 1*(-42)/(3 - g) a prime number?
False
Is 193 - (-7)/(28/(-8)) composite?
False
Let w(u) = 7*u**2 + u + 4. Let j be w(3). Suppose -5*z + 10*z = -4*q + 815, -3*q = 15. Let y = z - j. Is y prime?
True
Let j(p) be the third derivative of 37*p**5/60 + 9*p**2. Suppose 3*u + 3*g - 3 - 6 = 0, 5*u + g + 1 = 0. Is j(u) composite?
False
Suppose 0 = 2*j + 3*n - 6198, -12*n - 9271 = -3*j - 10*n. Is j composite?
True
Suppose 61 + 134 = 3*i. Is i a composite number?
True
Let m be (-1 - -1)/(-2 + 0). Suppose o - 5*o - 3*p + 419 = m, 5*p = -4*o + 413. Let z = -76 + o. Is z prime?
True
Let h(g) = -7*g**3 + 12*g**2 - 2*g + 16. Let j(f) = 4*f**3 - 6*f**2 + f - 8. Let r(n) = 3*h(n) + 5*j(n). Is r(6) prime?
True
Let v(k) = -14*k**2 - 14*k - 2. Let u(j) = -5*j**2 - 5*j - 1. Let c(q) = 11*u(q) - 4*v(q). Is c(6) a prime number?
False
Is 2/3 + 5*2635/15 a prime number?
False
Let z(t) = -201*t. Is z(-1) a composite number?
True
Let z be (3966/24)/((-2)/(-8)). Suppose -z = -5*t + 49. Is t a composite number?
True
Let o = 321 - -230. Is o prime?
False
Let y be -5 + 2 + -2 + 5. Is (-385)/(-7) - y/(-1) a prime number?
False
Suppose 0*w = w - 571. Is w a composite number?
False
Suppose 0 = -7*h + 8*h - 191. Is h a composite number?
False
Let h be (2/(-6))/((-2)/6). Let m = 11 - 8. Is -2 + h - (-102)/m prime?
False
Suppose -4*m = -0*m - 56. Let d be m/(-8)*-10*2. Suppose -5*r + 70 + d = 0. Is r composite?
True
Let v(f) = -f**3 - 5*f**2 - 5*f - 2. Let j be v(-4). Let h = j - 2. Suppose h*n - n = -67. Is n prime?
True
Let x = 2087 - 552. Is x a composite number?
True
Suppose -2*h - 10 = 6. Let k be ((-6)/4)/(3/h). Suppose 0 = -2*d + 5*w + 251, -2*d + 246 = -k*w - 0*w. Is d composite?
False
Let v be (99/4)/(9/(-24)). Let n = v - -419. Is n a prime number?
True
Suppose -t - 1 = -2*z + 2, 4 = -z. Let d = t + 18. Is d prime?
True
Let g(h) = 20 + 279*h**2 + 390*h**2 - h - 19. Is g(1) a prime number?
False
Let f(o) be the third derivative of o**4/24 + o**3/6 - 2*o**2. Let n be f(-1). Suppose 5*l - 41 = -g, 0 = -n*g - g - 2*l + 29. Is g a prime number?
False
Let p(s) = 19*s**2 + s - 1. Let d(i) = i**3 - 7*i**2 - 7*i - 7. Let f be d(8). Let b be p(f). Suppose -b = -3*n - 0*r - 5*r, -3*n + 27 = 3*r. Is n prime?
True
Is 2*(2930/(-4))/(-5) composite